0) - 2 is divided by 52?
35
Let y(w) = 4*w - 63. Let o be y(-14). Let j = -88 - o. Suppose -4*p = 12, -4*m + m = -5*p - 66. What is the remainder when j is divided by m?
14
Let n = -866 + 1767. Suppose -52*o + 2635 = -n. Calculate the remainder when 80 is divided by o.
12
Suppose -220 = 5*f + 3*z, -f - 4*z - 121 = 2*f. Let y = f - -45. Let x(j) = -10*j - 1. Calculate the remainder when 37 is divided by x(y).
18
Let g = -178 + 176. What is the remainder when (-1)/g - (-2 + 29/(-2)) is divided by 14?
3
Let j(v) be the third derivative of -5*v**4/24 - 11*v**3/6 + 44*v**2. What is the remainder when 634/18 - 16/72 is divided by j(-4)?
8
Let j(k) = k**3 + 4*k**2 - 6*k + 5. Let r = -7 - -2. Let t(w) = w**2 - 549*w - 9002. Calculate the remainder when t(-16) is divided by j(r).
8
Suppose -9*m + 7*m = -28. Suppose -2*f - 16 = -2*k, 4*k + 4*f - 2*f = m. Suppose 0 = 8*o - k*o - 87. Calculate the remainder when o is divided by 18.
11
Let n = 131 - 0. What is the remainder when n is divided by 33?
32
Suppose 9*y + 110 = r + 12*y, 3*r + 3*y = 306. What is the remainder when 271 is divided by r?
75
Let w(b) = 7*b**3 - 2*b**2 - 10*b + 21. What is the remainder when 2210 is divided by w(2)?
5
Suppose 2*u = 6*u - 12. Calculate the remainder when (-10)/(-3)*(-522)/(-290) is divided by u.
0
Let c(n) = -1. Let j(g) = 5*g - 24. Let x(v) = 5*c(v) + j(v). Suppose 3 = -3*k, -3*b - 4*k + 3*k + 32 = 0. What is the remainder when 103 is divided by x(b)?
25
Suppose -3*o + 6*o = 54. Suppose 2*b = -2*b + 32. What is the remainder when -1*o/(-27) - 230/(-6) is divided by b?
7
Suppose -123*g = -129*g + 3*b + 90, 0 = 4*g - 5*b - 24. Suppose -4*v = v + 245. Let j = 88 + v. What is the remainder when j is divided by g?
18
Suppose -3*r + 96*o + 773 = 98*o, -5*o = -4*r + 1046. What is the remainder when r is divided by 129?
1
Suppose -104*y = -52*y - 118872. Calculate the remainder when y is divided by 29.
24
Let q(k) = 19188*k - 2 - 19151*k + 12 - 53. Calculate the remainder when q(14) is divided by 14.
13
Let b(n) = -12*n + 71. Let g be b(7). What is the remainder when 78 is divided by (-444)/g + -1*16/104?
10
Let b(x) = x - 15. Calculate the remainder when 541 is divided by b(29).
9
Let d = -6 - 6. Let z = d - -41. Suppose 14*y - 702 = y. Calculate the remainder when y is divided by z.
25
Let g(h) = -7*h**2 + 208*h + 515. What is the remainder when g(32) is divided by (0 - -3) + -2 + 2?
0
Let u(x) = -x**2 + 4*x - 5. Let p be u(3). Let d be (-2)/4*(57 + p + -1). Let z = d + 71. What is the remainder when z is divided by 25?
19
Suppose -168 = -5*i - 7*i. Suppose -i*v + 1152 = 4*v. Calculate the remainder when 765 is divided by v.
61
Let g = -103 + -512. Let u = 663 + g. Calculate the remainder when u is divided by 10.
8
Let z = 97 - 229. Let o = 216 + z. Calculate the remainder when o is divided by 32.
20
Let z = 219 - 124. Let l(x) be the second derivative of 2*x**3/3 - 14*x**2 - 5*x - 2. Calculate the remainder when z is divided by l(13).
23
Let k(p) = -33*p**2 - 354*p + 32. Calculate the remainder when 1088 is divided by k(-10).
0
Suppose h - 7 = o, 0 = -33*h + 28*h - 2*o + 56. What is the remainder when 69 is divided by h?
9
Suppose -5*d + 2*c - 20 = 7*c, -d + 3*c = -8. What is the remainder when 21 is divided by (126/(-28) - (-2)/4)/d?
1
Let z(i) = i**2 - 3*i - 16. Let v be (-7)/5*(4 - 9). Let k be z(v). Suppose 2*c + k = 5*c. Calculate the remainder when c is divided by 2.
0
Suppose 0 = -118*n + 48*n + 59*n + 1320. What is the remainder when n is divided by 98?
22
Let u(a) = 132*a - 3. Calculate the remainder when u(1) is divided by (3 - (-5)/(-2))*(20400/(-15))/(-20).
27
Let c = -55 - -76. Let k = -39 + 39. Suppose k*y - 198 = -6*y. Calculate the remainder when y is divided by c.
12
Let s be 4/7 + 3 + 824/28. Let j(l) = l**2 - 32*l - 29. Let a be j(s). What is the remainder when (-1892)/(-8) + a + (-4)/(-8) is divided by 49?
45
Calculate the remainder when 1300 - ((-2)/(-5))/((-108)/(-540)) is divided by 21.
17
Suppose s = 7, -27*x = -26*x - s - 168. What is the remainder when 845 is divided by x?
145
Let f(o) = 7*o**3 + 6*o**2 - 4*o + 1. Let k be f(-3). Let j = k + 205. Calculate the remainder when j is divided by 42.
41
What is the remainder when (-27 - (-1026 - 12)) + (1 - -1) is divided by 326?
35
Let g(m) = m**2 + 18*m + 18. Suppose -2*q - 119 = -83. What is the remainder when 34 is divided by g(q)?
16
Let f = -74 + 4. Let g be (-4368)/f - (-2)/(-5). Suppose 5*p - g + 2 = 0. What is the remainder when 33 is divided by p?
9
Let x = 96 - 94. Suppose 0 = x*p + 8 - 2. What is the remainder when p/(-9) + (-1 - 419/(-3)) is divided by 35?
34
Suppose 0 = 6*d - d - 475. Let q = 101 - d. Let p(h) = 3*h**2 - 15*h - 13. Calculate the remainder when p(q) is divided by 1.
0
Let b(o) be the second derivative of -11/2*o**2 + 0 + 6*o + 1/6*o**3 + 1/12*o**4. Calculate the remainder when 53 is divided by b(-6).
15
Suppose -220*k - 4000 = -230*k. Suppose 17*n = 16*n + 103. What is the remainder when k is divided by n?
91
Suppose -182*b + 14189 = -4175 + 4350. Calculate the remainder when 1025 is divided by b.
24
Let m(w) = 23*w + 1135. What is the remainder when 285 is divided by m(-43)?
139
Suppose -16*b = -13*b - 318. Let f = 144 - b. Let j = f + -30. Calculate the remainder when 127 is divided by j.
7
Suppose 2*s - 63 = 49. Let r(i) = 2*i**3 - 13*i**2 - 7*i - 9. Let q be r(7). What is the remainder when s is divided by ((-3)/q - 98/(-3)) + -3?
26
Let t = -12601 + 13704. Calculate the remainder when t is divided by 3.
2
Let o = -38 - -21. Let b = o - -26. Let l(m) = -2*m**2 + 17*m + 10. Calculate the remainder when 1 is divided by l(b).
0
Suppose -5*s + 336 = -519. Let c = -169 + s. Let h(g) = 10*g**2 + 3*g + 1. Calculate the remainder when h(-1) is divided by c.
0
Suppose -14*y + 6*y + 776 = 0. Suppose 0 = u - 5*u - z + 111, -5*u = -3*z - 160. What is the remainder when y is divided by u?
10
Suppose v = -4*v - 5*x + 75, 0 = -2*v - x + 27. Let a be 3*6*(-6)/27. What is the remainder when (-410)/a*v/15 is divided by 22?
16
Let n(z) = 12*z + 36. Let y be n(-3). Suppose y = -16*q + 1328. What is the remainder when q is divided by 47?
36
Suppose -504 = -6*o - 1590. Let l = -171 - o. Suppose 4*m = 9*m - 80. What is the remainder when m is divided by l?
6
Let y(t) = t**3 + 7*t**2 + 11*t + 8. Let w be y(-5). Let v be w/(-3)*3 - (-6)/1. Suppose 0 = i - v - 4. What is the remainder when 25 is divided by i?
4
Suppose 2*u = -3*c + 5*c - 36, 51 = 2*c + u. Let z = 87 + -74. What is the remainder when c is divided by z?
10
Let n = -3611 - -3700. Let i(c) = -39*c**2 - c + 2. Let o(k) = 20*k**2 + k - 1. Let d(z) = -4*i(z) - 7*o(z). Calculate the remainder when n is divided by d(-1).
17
Let w(t) = 223*t - 209*t - 257 + 3. Calculate the remainder when 239 is divided by w(19).
11
Let s be 4/(-18) + 796*(-1)/(-18). What is the remainder when 74 is divided by (-10)/(-16)*2 - s/(-16)?
2
Suppose 0 = 612*t - 631*t + 570. Calculate the remainder when 864 is divided by t.
24
Let s be (4616/12 + -2)/(11/(-66)). What is the remainder when 2 + 3 + s/(-24)*3 is divided by 103?
86
Suppose -7*v = -3*v + 5*j - 25, 21 = 5*v - 4*j. Let w(n) = 0*n**2 + 2*n**2 - n**2 - 1 - 4*n - 2. Calculate the remainder when w(-2) is divided by v.
4
Suppose 2*k + 147 + 607 = 5*b, b + 2*k = 146. Calculate the remainder when b is divided by 9.
6
Let s be 6/1 + (-20)/(-20). Suppose -y + 3*o - s = 0, -6*o + 41 = 5*y - 2*o. Suppose 39 = y*f - 4*f. Calculate the remainder when f is divided by 14.
11
Suppose 3*c + 2*l - 32 = 0, 32 = 2*c + 2*l - 6*l. What is the remainder when ((-115)/184)/((-21)/2184) is divided by c?
5
Let b be 146/2 + (10 - 7). Let o = b - -18. Calculate the remainder when o is divided by 12 + (-3 - (-1 + -2)).
10
Let w(i) be the second derivative of -2*i**3/3 + 5*i**2/2 + 64*i - 1. What is the remainder when 90 is divided by w(-2)?
12
Suppose 76 = 2*q - v - 39, -5*q = -4*v - 283. What is the remainder when 764 is divided by q?
56
Suppose 3*a + 51 - 51 = 0. Let g be 3/(-9) - (-16)/3. Suppose a*w - 40 = -g*w. What is the remainder when 69 is divided by w?
5
Suppose 10 + 18 = 4*b + 4*r, 4*r = -5*b + 39. Suppose w = -s, -w + 5 = -4*s - 6*w. Let d = s - -1. What is the remainder when b is divided by d?
5
Suppose -292*w = 